t is the remainder when 31 is divided by b?
14
Suppose 0 = 10*d - 355 + 215. Calculate the remainder when (-2)/3 + 502/6 is divided by d.
13
Suppose 3*j = 5*x + 12 + 124, 3*x - 96 = -3*j. Suppose 199 = 47*k - 964 - 2221. What is the remainder when k is divided by j?
35
Let b = -179 + 191. What is the remainder when 250 is divided by b?
10
Suppose -10 = 3*r + 2. Let b be -338*(-2 - r/4). What is the remainder when b/8 - (-6)/8 is divided by 15?
13
Suppose 60 = 5*p - p. Let f = p - 11. Suppose 53 = 4*z + f*l - 19, -4*z - 3*l = -75. Calculate the remainder when z is divided by 12.
9
Suppose -31*u + 50738 = -32900. Calculate the remainder when u is divided by 108.
106
Let m be (1 - 3/5)*10. Let g(j) = j - 12. Let d be g(17). Suppose -d*f + m*y = -70, -f + 12 = y - 2. Calculate the remainder when 52 is divided by f.
10
Let y(k) = 7*k + 9. Let d be y(11). Suppose 5*c = c - 16, -2*g - c = -d. Calculate the remainder when 89 is divided by g.
44
Let v(p) = p**2 + 14*p + 5. Suppose t + 25 - 10 = 0. What is the remainder when 76 is divided by v(t)?
16
Suppose 0 = 3*n + 5*d - 6, 2*n = d - 8 - 1. Let l(r) = r**2 - r - 3. Let c = 53 + -37. What is the remainder when c is divided by l(n)?
7
Suppose 3*l = 3*v + 9, -5*l - 2*v + 37 = 1. Let j = -113 - -125. Suppose 2*y + j = l*y. What is the remainder when 6 is divided by y?
0
Suppose j + 40 = 47. Let g be 3 + -1 + 1 + 0. Suppose -47 = -g*a - 2*m, 0 = -a + 4*m - 1 - 2. Calculate the remainder when a is divided by j.
6
Let s(k) = k**3 - 4*k**2 - 3*k - 30. Calculate the remainder when 64 is divided by s(6).
16
Suppose -4*x + i + 126 = 0, 2*x + 5*i = -0*x + 52. Suppose -1 + 2 = d. Let s = 16 + d. What is the remainder when x is divided by s?
14
Let z(a) = -5*a**2 - 60*a + 10. Let b be z(-12). Suppose -8*n + b + 342 = 0. What is the remainder when 128 is divided by n?
40
Let s(o) = 21*o**2 - 2*o + 1. Suppose 0 = 5*n + 3*m - 336, 0*n - 210 = -3*n + m. Let c = n + -32. What is the remainder when c is divided by s(1)?
17
Let j = -12 + 18. Suppose -10*g = -8*g - j. What is the remainder when (0 + -4)/((-12)/30) is divided by g?
1
Let u(j) = 11*j**2 - 13*j**2 - j**2 + 2 - 2*j**3. Calculate the remainder when 7 is divided by u(-2).
1
What is the remainder when 1*(17/(-68))/(1/(-172)) is divided by 23?
20
Suppose 2*w - 2 = 0, 2*g + 1 = -4*w + 5. Suppose -3*n + 0 + 54 = g. Calculate the remainder when n is divided by 10.
8
Suppose -5*b - 39 = 3*q, 0 = -4*b + 2*q - 4 - 36. What is the remainder when (360/84)/(9/168) is divided by 3*(-4)/(4/b)?
26
Let n be (0 + -1)/(7/(-56)). Let u(z) = z - 6. Let q be u(n). Suppose 0 = -i, -i + q*i + 14 = j. Calculate the remainder when j is divided by 4.
2
Let j = -1025 + 1750. What is the remainder when j is divided by 14?
11
Let t = 1 + 7. Suppose -t = -2*g - 2*r, -2*r - 18 = -4*g - 4*r. Calculate the remainder when (1 - (-2 + 4))*-7 is divided by g.
2
Suppose -9*u = -7*u - 12. Calculate the remainder when ((-3)/6*6)/(2/(-18)) is divided by u.
3
Let j = -56 + 91. Suppose 0 = -5*u + 126 - 26. Calculate the remainder when j is divided by u.
15
Let a = -233 + 339. Calculate the remainder when a is divided by 18.
16
Let h(n) = 2*n**3 + n**2 - 2*n - 2. Suppose -4*k - 2*v = -5*v - 9, 0 = k - 4*v + 1. Let m = 46 - 27. What is the remainder when h(k) is divided by m?
17
Let s(z) = 10*z - 35. Let q be s(10). Let h = 76 - q. What is the remainder when 54 is divided by h?
10
Suppose -2*j + 2*c + 23 + 131 = 0, 3*j - 4*c = 226. What is the remainder when j is divided by 17?
14
Let r(h) = 3*h**3 - 2*h**2 - 2*h - 4. Suppose 2*i = -3*x + 23, 2*x + 2*i - 28 = 7*i. Calculate the remainder when r(3) is divided by x.
8
Let u(h) = -h**2 - 10*h + 4. Let z be u(-6). Suppose -4*d - 4*a = d - 50, 5*d - 5*a = 95. Calculate the remainder when -2 - (5 + -4 - z) is divided by d.
11
Let m(z) = z**3 - 6*z**2 + 6*z + 4. Suppose -72 = -19*t + 16*t. Calculate the remainder when t is divided by m(5).
6
Suppose 38*s - 33*s - 65 = 0. Let x(g) = -4*g + 1. What is the remainder when s is divided by x(-1)?
3
Suppose 2*j - 5*d + 19 - 6 = 0, -5*j = 4*d - 50. Suppose 0 = -j*g + 18*g - 216. Calculate the remainder when 67 is divided by g.
13
Let n = -18 - -28. Let c = n - 8. Suppose 2*l - c = 4. Calculate the remainder when 5 is divided by l.
2
Let j = 257 + -112. Calculate the remainder when j is divided by 30.
25
Let n(l) = l**2 - 2*l - 13. Let o be n(-4). Suppose 0 = o*c - 16*c - 20. Let m = c + 9. What is the remainder when 16 is divided by m?
1
Let k(j) = j + 15. Let d be k(-12). Suppose -5 = 2*b - 5*o, d*b + 5*o = -4 + 34. What is the remainder when 18 is divided by b?
3
Suppose -206*h - 69 = -207*h. What is the remainder when h is divided by 5?
4
What is the remainder when 103 is divided by -1 + 2 - ((-60)/(-3))/(-1)?
19
Let s(k) = -13*k - 284. Calculate the remainder when s(-41) is divided by 131.
118
Let c be (-1)/(1/6*-1). Let o(h) = 1 + 3 - 4*h + 5*h. Calculate the remainder when 27 is divided by o(c).
7
Suppose -8*c - 2 = -18. Suppose 35 = 2*i - 5*a, -5*i + 3 + 32 = -c*a. What is the remainder when 11 is divided by i?
1
What is the remainder when (-36)/(2 - 8) - 3*-88 is divided by 39?
36
Suppose 4*k - 8070 = -11*k. What is the remainder when k is divided by 27?
25
Let p(t) be the second derivative of -19*t**3/3 + 2*t**2 - 2*t. Let l be p(-4). Calculate the remainder when (0 + 1)/(6/l) is divided by 9.
8
Suppose 0*y = -5*i + y + 34, 2*i = -3*y. Suppose 961 = i*s + 175. Calculate the remainder when s is divided by 46.
39
Suppose 0 = 7*k + 218 + 76. Let w = -28 - -41. Calculate the remainder when (k/(-4))/((-48)/(-224)) is divided by w.
10
Suppose -5*g + 1027 = 3*x, -3*g + 6*g + 319 = x. Suppose 7*r - 44 = x. Calculate the remainder when r is divided by 11.
10
Let x be (-2)/5 - (-3542)/55. Suppose 3*n + n - x = 0. Suppose -2*i = 3*i - 145. What is the remainder when i is divided by n?
13
Let i = -27 + 30. Suppose -5*w + 186 = 3*n, 3*w - i*n = -w + 165. Calculate the remainder when w is divided by 14.
11
Let i be ((-42)/(-35))/((-2)/(-5)). Suppose -s = -3*h - 38, -i*s + h + 105 = -25. Calculate the remainder when 129 is divided by s.
41
Suppose -4*z = 3*r, -3*r = z - 6 - 3. Suppose k - 88 = -h + 4*h, 4*k = r*h + 392. What is the remainder when k is divided by 26?
25
Let i be (-6)/15 - (-216)/40. Suppose 5*c - 460 = -i*x, -5*x = c - 2*c - 478. What is the remainder when x is divided by 32?
31
Let n(o) = -o**2 + 18*o + 16. Let b = -15 - -23. Let i = b - 2. What is the remainder when n(18) is divided by i?
4
Let w(x) = -4*x**3 + x**2 - 3*x - 3. Let j be w(-2). Suppose -2*r = -r - j. Let t = -28 + r. What is the remainder when 19 is divided by t?
8
Let v(s) = -s**3 - s**2 + 3*s + 1. Let g be v(-2). Let p(x) = -x + 2. Let k be p(-4). Let u = k + g. What is the remainder when 8 is divided by u?
3
Suppose 4*i - 52*u - 1624 = -49*u, i - 397 = 3*u. Calculate the remainder when i is divided by 10.
9
Let n = -11 - -2. Let b = -7 - n. Suppose -h - 29 = -b*h. What is the remainder when h is divided by 16?
13
Let t = 285 - 224. What is the remainder when t is divided by 50?
11
Suppose 3*g = 13 - 7. What is the remainder when (0 + 25)/((-9)/(-3) - g) is divided by (-1)/((-2)/14 + 0)?
4
Suppose -7*q + 16797 = 16293. What is the remainder when q is divided by 3/(1 + 6/(-7))?
9
Let g = 428 - 242. Suppose 2*z = -4*w + 346, 2*z + 70 + g = 3*w. Let s = 35 - 13. Calculate the remainder when w is divided by s.
20
Let f be ((-28)/12)/7*12. Calculate the remainder when ((-9)/f)/(48/320) is divided by (-28)/(-7) + (-4)/(-2).
3
Suppose -3*k - 339 = -5*g, 3 = 4*k - 5. Let o = -109 + g. Calculate the remainder when 38 is divided by 3/(2 + 74/o).
18
Let v(n) = 2*n - 15. Suppose -5*s = q - 16, -12*s = -9*s - 2*q - 20. What is the remainder when v(10) is divided by s?
1
Suppose 0 = -u + 4*u - 81. Suppose 3*q - 2*f - 324 + 19 = 0, 4*q + 4*f - 440 = 0. Let l = q + -91. Calculate the remainder when u is divided by l.
13
Suppose -2*b - 6*m = -3*m - 57, 0 = -2*m + 2. What is the remainder when b is divided by 4?
3
Let g = -258 + 351. Calculate the remainder when g is divided by 47.
46
Let s(g) = g**3 + 4*g**2 - 8*g - 11. Let r be s(-5). Calculate the remainder when 65 is divided by ((-34)/r)/((-2)/(3 - -1)).
14
Let g(l) = 3*l**3 + 2*l**2 - 5*l - 4. What